{"id":147,"date":"2018-10-30T16:23:22","date_gmt":"2018-10-30T16:23:22","guid":{"rendered":"https:\/\/weihnachtsbaum-bollenbeck.de\/?page_id=147"},"modified":"2024-07-03T13:50:02","modified_gmt":"2024-07-03T13:50:02","slug":"selber-schlagen","status":"publish","type":"page","link":"https:\/\/weihnachtsbaum-bollenbeck.de\/index.php\/selber-schlagen\/","title":{"rendered":"selber schlagen"},"content":{"rendered":"\n<p>Ab Samstag vor dem 1. Advent bis 23.12. findet t\u00e4glich das bei Familien beliebte Selberschlagen statt.<br>Dazu reichen wir am knisternden Feuer Gl\u00fchwein nach eigenem Rezept. F\u00fcr die Kleinen halten wir auch eine \u00dcberraschung bereit.<br><\/p>\n\n\n\n<figure class=\"wp-block-image size-large\"><img loading=\"lazy\" decoding=\"async\" width=\"768\" height=\"1024\" src=\"https:\/\/weihnachtsbaum-bollenbeck.de\/wp-content\/uploads\/2023\/06\/WhatsApp-Image-2023-06-27-at-15.13.41-1-768x1024.jpeg\" alt=\"\" class=\"wp-image-362\" srcset=\"https:\/\/weihnachtsbaum-bollenbeck.de\/wp-content\/uploads\/2023\/06\/WhatsApp-Image-2023-06-27-at-15.13.41-1-768x1024.jpeg 768w, https:\/\/weihnachtsbaum-bollenbeck.de\/wp-content\/uploads\/2023\/06\/WhatsApp-Image-2023-06-27-at-15.13.41-1-225x300.jpeg 225w, https:\/\/weihnachtsbaum-bollenbeck.de\/wp-content\/uploads\/2023\/06\/WhatsApp-Image-2023-06-27-at-15.13.41-1-1152x1536.jpeg 1152w, https:\/\/weihnachtsbaum-bollenbeck.de\/wp-content\/uploads\/2023\/06\/WhatsApp-Image-2023-06-27-at-15.13.41-1.jpeg 1200w\" sizes=\"(max-width: 767px) 89vw, (max-width: 1000px) 54vw, (max-width: 1071px) 543px, 580px\" \/><\/figure>\n\n\n\n<p>Sch\u00f6ne Blaufichten bis 2 m sind wieder vorhanden<\/p>\n\n\n\n<figure class=\"wp-block-image size-large\"><img loading=\"lazy\" decoding=\"async\" width=\"768\" height=\"1024\" src=\"https:\/\/weihnachtsbaum-bollenbeck.de\/wp-content\/uploads\/2024\/07\/WhatsApp-Image-2024-07-03-at-15.48.24-768x1024.jpeg\" alt=\"\" class=\"wp-image-386\" srcset=\"https:\/\/weihnachtsbaum-bollenbeck.de\/wp-content\/uploads\/2024\/07\/WhatsApp-Image-2024-07-03-at-15.48.24-768x1024.jpeg 768w, https:\/\/weihnachtsbaum-bollenbeck.de\/wp-content\/uploads\/2024\/07\/WhatsApp-Image-2024-07-03-at-15.48.24-225x300.jpeg 225w, https:\/\/weihnachtsbaum-bollenbeck.de\/wp-content\/uploads\/2024\/07\/WhatsApp-Image-2024-07-03-at-15.48.24-1152x1536.jpeg 1152w, https:\/\/weihnachtsbaum-bollenbeck.de\/wp-content\/uploads\/2024\/07\/WhatsApp-Image-2024-07-03-at-15.48.24.jpeg 1500w\" sizes=\"(max-width: 767px) 89vw, (max-width: 1000px) 54vw, (max-width: 1071px) 543px, 580px\" \/><\/figure>\n\n\n\n<figure class=\"wp-block-image size-large\"><img loading=\"lazy\" decoding=\"async\" width=\"768\" height=\"1024\" src=\"https:\/\/weihnachtsbaum-bollenbeck.de\/wp-content\/uploads\/2024\/07\/WhatsApp-Image-2024-07-03-at-15.48.23-768x1024.jpeg\" alt=\"\" class=\"wp-image-387\" srcset=\"https:\/\/weihnachtsbaum-bollenbeck.de\/wp-content\/uploads\/2024\/07\/WhatsApp-Image-2024-07-03-at-15.48.23-768x1024.jpeg 768w, https:\/\/weihnachtsbaum-bollenbeck.de\/wp-content\/uploads\/2024\/07\/WhatsApp-Image-2024-07-03-at-15.48.23-225x300.jpeg 225w, https:\/\/weihnachtsbaum-bollenbeck.de\/wp-content\/uploads\/2024\/07\/WhatsApp-Image-2024-07-03-at-15.48.23-1152x1536.jpeg 1152w, https:\/\/weihnachtsbaum-bollenbeck.de\/wp-content\/uploads\/2024\/07\/WhatsApp-Image-2024-07-03-at-15.48.23.jpeg 1500w\" sizes=\"(max-width: 767px) 89vw, (max-width: 1000px) 54vw, (max-width: 1071px) 543px, 580px\" \/><\/figure>\n\n\n\n<figure class=\"wp-block-image size-large\"><img loading=\"lazy\" decoding=\"async\" width=\"1024\" height=\"768\" src=\"https:\/\/weihnachtsbaum-bollenbeck.de\/wp-content\/uploads\/2022\/06\/WhatsApp-Image-2022-06-21-at-15.04.58-1024x768.jpeg\" alt=\"\" class=\"wp-image-342\" srcset=\"https:\/\/weihnachtsbaum-bollenbeck.de\/wp-content\/uploads\/2022\/06\/WhatsApp-Image-2022-06-21-at-15.04.58-1024x768.jpeg 1024w, https:\/\/weihnachtsbaum-bollenbeck.de\/wp-content\/uploads\/2022\/06\/WhatsApp-Image-2022-06-21-at-15.04.58-300x225.jpeg 300w, https:\/\/weihnachtsbaum-bollenbeck.de\/wp-content\/uploads\/2022\/06\/WhatsApp-Image-2022-06-21-at-15.04.58-768x576.jpeg 768w, https:\/\/weihnachtsbaum-bollenbeck.de\/wp-content\/uploads\/2022\/06\/WhatsApp-Image-2022-06-21-at-15.04.58-1536x1152.jpeg 1536w, https:\/\/weihnachtsbaum-bollenbeck.de\/wp-content\/uploads\/2022\/06\/WhatsApp-Image-2022-06-21-at-15.04.58.jpeg 2048w\" sizes=\"(max-width: 767px) 89vw, (max-width: 1000px) 54vw, (max-width: 1071px) 543px, 580px\" \/><\/figure>\n\n\n\n<figure class=\"wp-block-image\"><img loading=\"lazy\" decoding=\"async\" width=\"1632\" height=\"1224\" src=\"https:\/\/weihnachtsbaum-bollenbeck.de\/wp-content\/uploads\/2018\/10\/20171222_133444.jpg\" alt=\"\" class=\"wp-image-171\" srcset=\"https:\/\/weihnachtsbaum-bollenbeck.de\/wp-content\/uploads\/2018\/10\/20171222_133444.jpg 1632w, https:\/\/weihnachtsbaum-bollenbeck.de\/wp-content\/uploads\/2018\/10\/20171222_133444-300x225.jpg 300w, https:\/\/weihnachtsbaum-bollenbeck.de\/wp-content\/uploads\/2018\/10\/20171222_133444-768x576.jpg 768w, https:\/\/weihnachtsbaum-bollenbeck.de\/wp-content\/uploads\/2018\/10\/20171222_133444-1024x768.jpg 1024w\" sizes=\"(max-width: 767px) 89vw, (max-width: 1000px) 54vw, (max-width: 1071px) 543px, 580px\" \/><\/figure>\n\n\n\n<figure class=\"wp-block-image size-large\"><img loading=\"lazy\" decoding=\"async\" width=\"768\" height=\"1024\" src=\"https:\/\/weihnachtsbaum-bollenbeck.de\/wp-content\/uploads\/2023\/06\/uzgzugzhu-768x1024.jpeg\" alt=\"\" class=\"wp-image-374\" srcset=\"https:\/\/weihnachtsbaum-bollenbeck.de\/wp-content\/uploads\/2023\/06\/uzgzugzhu-768x1024.jpeg 768w, https:\/\/weihnachtsbaum-bollenbeck.de\/wp-content\/uploads\/2023\/06\/uzgzugzhu-225x300.jpeg 225w, https:\/\/weihnachtsbaum-bollenbeck.de\/wp-content\/uploads\/2023\/06\/uzgzugzhu-1152x1536.jpeg 1152w, https:\/\/weihnachtsbaum-bollenbeck.de\/wp-content\/uploads\/2023\/06\/uzgzugzhu.jpeg 1200w\" sizes=\"(max-width: 767px) 89vw, (max-width: 1000px) 54vw, (max-width: 1071px) 543px, 580px\" \/><\/figure>\n","protected":false},"excerpt":{"rendered":"<p>Ab Samstag vor dem 1. Advent bis 23.12. findet t\u00e4glich das bei Familien beliebte Selberschlagen statt.Dazu reichen wir am knisternden Feuer Gl\u00fchwein nach eigenem Rezept. F\u00fcr die Kleinen halten wir auch eine \u00dcberraschung bereit. Sch\u00f6ne Blaufichten bis 2 m sind wieder vorhanden<\/p>\n","protected":false},"author":1,"featured_media":0,"parent":0,"menu_order":0,"comment_status":"closed","ping_status":"closed","template":"","meta":{"footnotes":""},"_links":{"self":[{"href":"https:\/\/weihnachtsbaum-bollenbeck.de\/index.php\/wp-json\/wp\/v2\/pages\/147"}],"collection":[{"href":"https:\/\/weihnachtsbaum-bollenbeck.de\/index.php\/wp-json\/wp\/v2\/pages"}],"about":[{"href":"https:\/\/weihnachtsbaum-bollenbeck.de\/index.php\/wp-json\/wp\/v2\/types\/page"}],"author":[{"embeddable":true,"href":"https:\/\/weihnachtsbaum-bollenbeck.de\/index.php\/wp-json\/wp\/v2\/users\/1"}],"replies":[{"embeddable":true,"href":"https:\/\/weihnachtsbaum-bollenbeck.de\/index.php\/wp-json\/wp\/v2\/comments?post=147"}],"version-history":[{"count":13,"href":"https:\/\/weihnachtsbaum-bollenbeck.de\/index.php\/wp-json\/wp\/v2\/pages\/147\/revisions"}],"predecessor-version":[{"id":388,"href":"https:\/\/weihnachtsbaum-bollenbeck.de\/index.php\/wp-json\/wp\/v2\/pages\/147\/revisions\/388"}],"wp:attachment":[{"href":"https:\/\/weihnachtsbaum-bollenbeck.de\/index.php\/wp-json\/wp\/v2\/media?parent=147"}],"curies":[{"name":"wp","href":"https:\/\/api.w.org\/{rel}","templated":true}]}}

<p>Ab Samstag vor dem 1. Advent bis 23.12. findet täglich das bei Familien beliebte Selberschlagen statt.<br>Dazu reichen wir am knisternden Feuer Glühwein nach eigenem Rezept. Für die Kleinen halten wir auch eine Überraschung bereit.<br></p>



<figure class="wp-block-image size-large"><img loading="lazy" decoding="async" width="768" height="1024" src="https://weihnachtsbaum-bollenbeck.de/wp-content/uploads/2023/06/WhatsApp-Image-2023-06-27-at-15.13.41-1-768x1024.jpeg" alt="" class="wp-image-362" srcset="https://weihnachtsbaum-bollenbeck.de/wp-content/uploads/2023/06/WhatsApp-Image-2023-06-27-at-15.13.41-1-768x1024.jpeg 768w, https://weihnachtsbaum-bollenbeck.de/wp-content/uploads/2023/06/WhatsApp-Image-2023-06-27-at-15.13.41-1-225x300.jpeg 225w, https://weihnachtsbaum-bollenbeck.de/wp-content/uploads/2023/06/WhatsApp-Image-2023-06-27-at-15.13.41-1-1152x1536.jpeg 1152w, https://weihnachtsbaum-bollenbeck.de/wp-content/uploads/2023/06/WhatsApp-Image-2023-06-27-at-15.13.41-1.jpeg 1200w" sizes="(max-width: 767px) 89vw, (max-width: 1000px) 54vw, (max-width: 1071px) 543px, 580px" /></figure>



<p>Schöne Blaufichten bis 2 m sind wieder vorhanden</p>



<figure class="wp-block-image size-large"><img loading="lazy" decoding="async" width="768" height="1024" src="https://weihnachtsbaum-bollenbeck.de/wp-content/uploads/2024/07/WhatsApp-Image-2024-07-03-at-15.48.24-768x1024.jpeg" alt="" class="wp-image-386" srcset="https://weihnachtsbaum-bollenbeck.de/wp-content/uploads/2024/07/WhatsApp-Image-2024-07-03-at-15.48.24-768x1024.jpeg 768w, https://weihnachtsbaum-bollenbeck.de/wp-content/uploads/2024/07/WhatsApp-Image-2024-07-03-at-15.48.24-225x300.jpeg 225w, https://weihnachtsbaum-bollenbeck.de/wp-content/uploads/2024/07/WhatsApp-Image-2024-07-03-at-15.48.24-1152x1536.jpeg 1152w, https://weihnachtsbaum-bollenbeck.de/wp-content/uploads/2024/07/WhatsApp-Image-2024-07-03-at-15.48.24.jpeg 1500w" sizes="(max-width: 767px) 89vw, (max-width: 1000px) 54vw, (max-width: 1071px) 543px, 580px" /></figure>



<figure class="wp-block-image size-large"><img loading="lazy" decoding="async" width="768" height="1024" src="https://weihnachtsbaum-bollenbeck.de/wp-content/uploads/2024/07/WhatsApp-Image-2024-07-03-at-15.48.23-768x1024.jpeg" alt="" class="wp-image-387" srcset="https://weihnachtsbaum-bollenbeck.de/wp-content/uploads/2024/07/WhatsApp-Image-2024-07-03-at-15.48.23-768x1024.jpeg 768w, https://weihnachtsbaum-bollenbeck.de/wp-content/uploads/2024/07/WhatsApp-Image-2024-07-03-at-15.48.23-225x300.jpeg 225w, https://weihnachtsbaum-bollenbeck.de/wp-content/uploads/2024/07/WhatsApp-Image-2024-07-03-at-15.48.23-1152x1536.jpeg 1152w, https://weihnachtsbaum-bollenbeck.de/wp-content/uploads/2024/07/WhatsApp-Image-2024-07-03-at-15.48.23.jpeg 1500w" sizes="(max-width: 767px) 89vw, (max-width: 1000px) 54vw, (max-width: 1071px) 543px, 580px" /></figure>



<figure class="wp-block-image size-large"><img loading="lazy" decoding="async" width="1024" height="768" src="https://weihnachtsbaum-bollenbeck.de/wp-content/uploads/2022/06/WhatsApp-Image-2022-06-21-at-15.04.58-1024x768.jpeg" alt="" class="wp-image-342" srcset="https://weihnachtsbaum-bollenbeck.de/wp-content/uploads/2022/06/WhatsApp-Image-2022-06-21-at-15.04.58-1024x768.jpeg 1024w, https://weihnachtsbaum-bollenbeck.de/wp-content/uploads/2022/06/WhatsApp-Image-2022-06-21-at-15.04.58-300x225.jpeg 300w, https://weihnachtsbaum-bollenbeck.de/wp-content/uploads/2022/06/WhatsApp-Image-2022-06-21-at-15.04.58-768x576.jpeg 768w, https://weihnachtsbaum-bollenbeck.de/wp-content/uploads/2022/06/WhatsApp-Image-2022-06-21-at-15.04.58-1536x1152.jpeg 1536w, https://weihnachtsbaum-bollenbeck.de/wp-content/uploads/2022/06/WhatsApp-Image-2022-06-21-at-15.04.58.jpeg 2048w" sizes="(max-width: 767px) 89vw, (max-width: 1000px) 54vw, (max-width: 1071px) 543px, 580px" /></figure>



<figure class="wp-block-image"><img loading="lazy" decoding="async" width="1632" height="1224" src="https://weihnachtsbaum-bollenbeck.de/wp-content/uploads/2018/10/20171222_133444.jpg" alt="" class="wp-image-171" srcset="https://weihnachtsbaum-bollenbeck.de/wp-content/uploads/2018/10/20171222_133444.jpg 1632w, https://weihnachtsbaum-bollenbeck.de/wp-content/uploads/2018/10/20171222_133444-300x225.jpg 300w, https://weihnachtsbaum-bollenbeck.de/wp-content/uploads/2018/10/20171222_133444-768x576.jpg 768w, https://weihnachtsbaum-bollenbeck.de/wp-content/uploads/2018/10/20171222_133444-1024x768.jpg 1024w" sizes="(max-width: 767px) 89vw, (max-width: 1000px) 54vw, (max-width: 1071px) 543px, 580px" /></figure>



<figure class="wp-block-image size-large"><img loading="lazy" decoding="async" width="768" height="1024" src="https://weihnachtsbaum-bollenbeck.de/wp-content/uploads/2023/06/uzgzugzhu-768x1024.jpeg" alt="" class="wp-image-374" srcset="https://weihnachtsbaum-bollenbeck.de/wp-content/uploads/2023/06/uzgzugzhu-768x1024.jpeg 768w, https://weihnachtsbaum-bollenbeck.de/wp-content/uploads/2023/06/uzgzugzhu-225x300.jpeg 225w, https://weihnachtsbaum-bollenbeck.de/wp-content/uploads/2023/06/uzgzugzhu-1152x1536.jpeg 1152w, https://weihnachtsbaum-bollenbeck.de/wp-content/uploads/2023/06/uzgzugzhu.jpeg 1200w" sizes="(max-width: 767px) 89vw, (max-width: 1000px) 54vw, (max-width: 1071px) 543px, 580px" /></figure>

<p>Ab Samstag vor dem 1. Advent bis 23.12. findet täglich das bei Familien beliebte Selberschlagen statt.Dazu reichen wir am knisternden Feuer Glühwein nach eigenem Rezept. Für die Kleinen halten wir auch eine Überraschung bereit. Schöne Blaufichten bis 2 m sind wieder vorhanden</p>
